{"id":198,"date":"2023-04-04T20:40:21","date_gmt":"2023-04-04T20:40:21","guid":{"rendered":"https:\/\/ciudadmedicaelsalvador.com\/?page_id=198"},"modified":"2023-04-08T18:09:25","modified_gmt":"2023-04-08T18:09:25","slug":"tu-pais-el-salvador","status":"publish","type":"page","link":"https:\/\/ciudadmedicaelsalvador.com\/index.php\/tu-pais-el-salvador\/","title":{"rendered":"Tu pa\u00eds El Salvador"},"content":{"rendered":"\t\t<div data-elementor-type=\"wp-page\" data-elementor-id=\"198\" class=\"elementor elementor-198\">\n\t\t\t\t\t\t<section class=\"elementor-section elementor-top-section elementor-element elementor-element-f3dec5c elementor-section-boxed elementor-section-height-default elementor-section-height-default\" data-id=\"f3dec5c\" data-element_type=\"section\">\n\t\t\t\t\t\t<div class=\"elementor-container elementor-column-gap-default\">\n\t\t\t\t\t<div class=\"elementor-column elementor-col-100 elementor-top-column elementor-element elementor-element-80d59d8\" data-id=\"80d59d8\" data-element_type=\"column\">\n\t\t\t<div class=\"elementor-widget-wrap elementor-element-populated\">\n\t\t\t\t\t\t<div class=\"elementor-element elementor-element-e8b3e18 elementor-arrows-position-outside elementor-pagination-position-outside elementor-widget elementor-widget-image-carousel\" data-id=\"e8b3e18\" data-element_type=\"widget\" data-settings=\"{&quot;slides_to_show&quot;:&quot;1&quot;,&quot;navigation&quot;:&quot;both&quot;,&quot;autoplay&quot;:&quot;yes&quot;,&quot;pause_on_hover&quot;:&quot;yes&quot;,&quot;pause_on_interaction&quot;:&quot;yes&quot;,&quot;autoplay_speed&quot;:5000,&quot;infinite&quot;:&quot;yes&quot;,&quot;effect&quot;:&quot;slide&quot;,&quot;speed&quot;:500}\" data-widget_type=\"image-carousel.default\">\n\t\t\t\t<div class=\"elementor-widget-container\">\n\t\t\t\t\t\t\t<div class=\"elementor-image-carousel-wrapper swiper\" role=\"region\" aria-roledescription=\"carousel\" aria-label=\"Carrusel de im\u00e1genes\" dir=\"ltr\">\n\t\t\t<div class=\"elementor-image-carousel swiper-wrapper swiper-image-stretch\" aria-live=\"off\">\n\t\t\t\t\t\t\t\t<div class=\"swiper-slide\" role=\"group\" aria-roledescription=\"slide\" aria-label=\"1 de 9\"><figure class=\"swiper-slide-inner\"><img decoding=\"async\" class=\"swiper-slide-image\" src=\"https:\/\/ciudadmedicaelsalvador.com\/wp-content\/uploads\/2023\/04\/PLAYA-EL-TUNCO.jpg\" alt=\"Playa El Tunco\" \/><figcaption class=\"elementor-image-carousel-caption\">Playa El Tunco<\/figcaption><\/figure><\/div><div class=\"swiper-slide\" role=\"group\" aria-roledescription=\"slide\" aria-label=\"2 de 9\"><figure class=\"swiper-slide-inner\"><img decoding=\"async\" class=\"swiper-slide-image\" src=\"https:\/\/ciudadmedicaelsalvador.com\/wp-content\/uploads\/2023\/04\/MUELLE-LA-LIBERTAD.jpg\" alt=\"Muelle de La Libertad\" \/><figcaption class=\"elementor-image-carousel-caption\">Muelle de La Libertad<\/figcaption><\/figure><\/div><div class=\"swiper-slide\" role=\"group\" aria-roledescription=\"slide\" aria-label=\"3 de 9\"><figure class=\"swiper-slide-inner\"><img decoding=\"async\" class=\"swiper-slide-image\" src=\"https:\/\/ciudadmedicaelsalvador.com\/wp-content\/uploads\/2023\/04\/LAGO-DE-COATEPEQUE-1024x559.jpg\" alt=\"Lago de Coatepeque\" \/><figcaption class=\"elementor-image-carousel-caption\">Lago de Coatepeque<\/figcaption><\/figure><\/div><div class=\"swiper-slide\" role=\"group\" aria-roledescription=\"slide\" aria-label=\"4 de 9\"><figure class=\"swiper-slide-inner\"><img decoding=\"async\" class=\"swiper-slide-image\" src=\"https:\/\/ciudadmedicaelsalvador.com\/wp-content\/uploads\/2023\/04\/El-Salvador-del-mundo-2.jpg\" alt=\"Divino Salvador del Mundo\" \/><figcaption class=\"elementor-image-carousel-caption\">Divino Salvador del Mundo<\/figcaption><\/figure><\/div><div class=\"swiper-slide\" role=\"group\" aria-roledescription=\"slide\" aria-label=\"5 de 9\"><figure class=\"swiper-slide-inner\"><img decoding=\"async\" class=\"swiper-slide-image\" src=\"https:\/\/ciudadmedicaelsalvador.com\/wp-content\/uploads\/2023\/04\/CqypVeEUAAEmLiL-1024x683.jpg\" alt=\"Lago de Ilopango\" \/><figcaption class=\"elementor-image-carousel-caption\">Lago de Ilopango<\/figcaption><\/figure><\/div><div class=\"swiper-slide\" role=\"group\" aria-roledescription=\"slide\" aria-label=\"6 de 9\"><figure class=\"swiper-slide-inner\"><img decoding=\"async\" class=\"swiper-slide-image\" src=\"https:\/\/ciudadmedicaelsalvador.com\/wp-content\/uploads\/2023\/04\/CERRO-VERDE-1024x683.jpg\" alt=\"Cerro verde\" \/><figcaption class=\"elementor-image-carousel-caption\">Cerro verde<\/figcaption><\/figure><\/div><div class=\"swiper-slide\" role=\"group\" aria-roledescription=\"slide\" aria-label=\"7 de 9\"><figure class=\"swiper-slide-inner\"><img decoding=\"async\" class=\"swiper-slide-image\" src=\"https:\/\/ciudadmedicaelsalvador.com\/wp-content\/uploads\/2023\/04\/CATEDRAL.jpg\" alt=\"Catedral de San Salvador\" \/><figcaption class=\"elementor-image-carousel-caption\">Catedral de San Salvador<\/figcaption><\/figure><\/div><div class=\"swiper-slide\" role=\"group\" aria-roledescription=\"slide\" aria-label=\"8 de 9\"><figure class=\"swiper-slide-inner\"><img decoding=\"async\" class=\"swiper-slide-image\" src=\"https:\/\/ciudadmedicaelsalvador.com\/wp-content\/uploads\/2023\/04\/Aeropuerto.jpg\" alt=\"Aeropuerto Internacional El Salvador\" \/><figcaption class=\"elementor-image-carousel-caption\">Aeropuerto Internacional El Salvador<\/figcaption><\/figure><\/div><div class=\"swiper-slide\" role=\"group\" aria-roledescription=\"slide\" aria-label=\"9 de 9\"><figure class=\"swiper-slide-inner\"><img decoding=\"async\" class=\"swiper-slide-image\" src=\"https:\/\/ciudadmedicaelsalvador.com\/wp-content\/uploads\/2023\/04\/2847629026_45d3cb4b26_b.jpg\" alt=\"Chorros de la Calera\" \/><figcaption class=\"elementor-image-carousel-caption\">Chorros de la Calera<\/figcaption><\/figure><\/div>\t\t\t<\/div>\n\t\t\t\t\t\t\t\t\t\t\t\t<div class=\"elementor-swiper-button elementor-swiper-button-prev\" role=\"button\" tabindex=\"0\">\n\t\t\t\t\t\t<i aria-hidden=\"true\" class=\"eicon-chevron-left\"><\/i>\t\t\t\t\t<\/div>\n\t\t\t\t\t<div class=\"elementor-swiper-button elementor-swiper-button-next\" role=\"button\" tabindex=\"0\">\n\t\t\t\t\t\t<i aria-hidden=\"true\" class=\"eicon-chevron-right\"><\/i>\t\t\t\t\t<\/div>\n\t\t\t\t\n\t\t\t\t\t\t\t\t\t<div class=\"swiper-pagination\"><\/div>\n\t\t\t\t\t\t\t\t\t<\/div>\n\t\t\t\t\t\t<\/div>\n\t\t\t\t<\/div>\n\t\t\t\t<div class=\"elementor-element elementor-element-80f265a elementor-widget elementor-widget-video\" data-id=\"80f265a\" data-element_type=\"widget\" data-settings=\"{&quot;youtube_url&quot;:&quot;https:\\\/\\\/youtu.be\\\/cpIMjLtrULg&quot;,&quot;video_type&quot;:&quot;youtube&quot;,&quot;controls&quot;:&quot;yes&quot;}\" data-widget_type=\"video.default\">\n\t\t\t\t<div class=\"elementor-widget-container\">\n\t\t\t\t\t\t\t<div class=\"elementor-wrapper elementor-open-inline\">\n\t\t\t<div class=\"elementor-video\"><\/div>\t\t<\/div>\n\t\t\t\t\t\t<\/div>\n\t\t\t\t<\/div>\n\t\t\t\t<div class=\"elementor-element elementor-element-dcec8f6 elementor-widget elementor-widget-text-editor\" data-id=\"dcec8f6\" data-element_type=\"widget\" data-widget_type=\"text-editor.default\">\n\t\t\t\t<div class=\"elementor-widget-container\">\n\t\t\t\t\t\t\t\t\t<p>El Salvador es un peque\u00f1o pa\u00eds de Am\u00e9rica Central, conocido como: El Pulgarcito de Am\u00e9rica,\u00a0 debido a su tama\u00f1o. Pero aunque sea peque\u00f1o, tiene mucho que ofrecer en t\u00e9rminos de belleza natural y cultural. Con una extensi\u00f3n territorial de 21,041 km\u00b2, es el pa\u00eds m\u00e1s densamente poblado de la regi\u00f3n, lo que lo convierte en un lugar lleno de vida y energ\u00eda.<\/p><p>El paisaje de El Salvador es variado y espectacular. Desde las hermosas playas de arena dorada en la costa del Pac\u00edfico, hasta los verdes valles y monta\u00f1as del interior del pa\u00eds, hay una gran variedad de lugares impresionantes para visitar. El Parque Nacional Cerro Verde, por ejemplo, es un lugar de gran belleza natural, con tres volcanes extintos que se elevan majestuosamente hacia el cielo y un lago cristalino en su cr\u00e1ter.<\/p><p>La cultura salvadore\u00f1a es igualmente impresionante. La m\u00fasica, la danza y la comida son solo algunas de las formas en que se expresa la rica herencia cultural de este pa\u00eds. La gastronom\u00eda salvadore\u00f1a es muy variada y sabrosa, con platos como las pupusas, un tipo de tortilla rellena de queso, frijoles o carne, que son una delicia para el paladar.<\/p><p>En definitiva, El Salvador es un lugar m\u00e1gico y encantador que definitivamente vale la pena visitar. Ya sea que est\u00e9s interesado en la naturaleza, la cultura o simplemente quieras disfrutar de las hermosas playas, encontrar\u00e1s algo en este pa\u00eds que te dejar\u00e1 con ganas de volver una y otra vez.<\/p>\t\t\t\t\t\t\t\t<\/div>\n\t\t\t\t<\/div>\n\t\t\t\t\t<\/div>\n\t\t<\/div>\n\t\t\t\t\t<\/div>\n\t\t<\/section>\n\t\t\t\t<\/div>\n\t\t","protected":false},"excerpt":{"rendered":"<p>Playa El Tunco Muelle de La Libertad Lago de Coatepeque Divino Salvador del Mundo Lago de Ilopango Cerro verde Catedral de San Salvador Aeropuerto Internacional El Salvador Chorros de la Calera Anterior Siguiente https:\/\/youtu.be\/cpIMjLtrULg El Salvador es un peque\u00f1o pa\u00eds de Am\u00e9rica Central, conocido como: El Pulgarcito de Am\u00e9rica,\u00a0 debido a su tama\u00f1o. Pero aunque &hellip; <\/p>\n<p class=\"link-more\"><a href=\"https:\/\/ciudadmedicaelsalvador.com\/index.php\/tu-pais-el-salvador\/\" class=\"more-link\">Continuar leyendo<span class=\"screen-reader-text\"> \u00abTu pa\u00eds El Salvador\u00bb<\/span><\/a><\/p>\n","protected":false},"author":1,"featured_media":0,"parent":0,"menu_order":0,"comment_status":"closed","ping_status":"closed","template":"","meta":{"footnotes":""},"class_list":["post-198","page","type-page","status-publish","hentry"],"_links":{"self":[{"href":"https:\/\/ciudadmedicaelsalvador.com\/index.php\/wp-json\/wp\/v2\/pages\/198","targetHints":{"allow":["GET"]}}],"collection":[{"href":"https:\/\/ciudadmedicaelsalvador.com\/index.php\/wp-json\/wp\/v2\/pages"}],"about":[{"href":"https:\/\/ciudadmedicaelsalvador.com\/index.php\/wp-json\/wp\/v2\/types\/page"}],"author":[{"embeddable":true,"href":"https:\/\/ciudadmedicaelsalvador.com\/index.php\/wp-json\/wp\/v2\/users\/1"}],"replies":[{"embeddable":true,"href":"https:\/\/ciudadmedicaelsalvador.com\/index.php\/wp-json\/wp\/v2\/comments?post=198"}],"version-history":[{"count":16,"href":"https:\/\/ciudadmedicaelsalvador.com\/index.php\/wp-json\/wp\/v2\/pages\/198\/revisions"}],"predecessor-version":[{"id":279,"href":"https:\/\/ciudadmedicaelsalvador.com\/index.php\/wp-json\/wp\/v2\/pages\/198\/revisions\/279"}],"wp:attachment":[{"href":"https:\/\/ciudadmedicaelsalvador.com\/index.php\/wp-json\/wp\/v2\/media?parent=198"}],"curies":[{"name":"wp","href":"https:\/\/api.w.org\/{rel}","templated":true}]}}