{"id":324,"date":"2023-04-09T16:00:18","date_gmt":"2023-04-09T16:00:18","guid":{"rendered":"https:\/\/ciudadmedicaelsalvador.com\/?page_id=324"},"modified":"2023-04-09T16:06:11","modified_gmt":"2023-04-09T16:06:11","slug":"perfil-profesional","status":"publish","type":"page","link":"https:\/\/ciudadmedicaelsalvador.com\/index.php\/perfil-profesional\/","title":{"rendered":"Perfil Profesional"},"content":{"rendered":"\t\t<div data-elementor-type=\"wp-page\" data-elementor-id=\"324\" class=\"elementor elementor-324\">\n\t\t\t\t\t\t<section class=\"elementor-section elementor-top-section elementor-element elementor-element-7b939f9 elementor-section-boxed elementor-section-height-default elementor-section-height-default\" data-id=\"7b939f9\" data-element_type=\"section\">\n\t\t\t\t\t\t<div class=\"elementor-container elementor-column-gap-default\">\n\t\t\t\t\t<div class=\"elementor-column elementor-col-100 elementor-top-column elementor-element elementor-element-bd53de7\" data-id=\"bd53de7\" data-element_type=\"column\">\n\t\t\t<div class=\"elementor-widget-wrap elementor-element-populated\">\n\t\t\t\t\t\t<div class=\"elementor-element elementor-element-8ef53d7 elementor-widget elementor-widget-image\" data-id=\"8ef53d7\" data-element_type=\"widget\" data-widget_type=\"image.default\">\n\t\t\t\t<div class=\"elementor-widget-container\">\n\t\t\t\t\t\t\t\t\t\t\t\t\t\t\t<img fetchpriority=\"high\" decoding=\"async\" width=\"312\" height=\"411\" src=\"https:\/\/ciudadmedicaelsalvador.com\/wp-content\/uploads\/2023\/04\/Foto-Doctor-con-marco.jpg\" class=\"attachment-large size-large wp-image-327\" alt=\"\" srcset=\"https:\/\/ciudadmedicaelsalvador.com\/wp-content\/uploads\/2023\/04\/Foto-Doctor-con-marco.jpg 312w, https:\/\/ciudadmedicaelsalvador.com\/wp-content\/uploads\/2023\/04\/Foto-Doctor-con-marco-228x300.jpg 228w\" sizes=\"100vw\" \/>\t\t\t\t\t\t\t\t\t\t\t\t\t\t\t<\/div>\n\t\t\t\t<\/div>\n\t\t\t\t<div class=\"elementor-element elementor-element-aaca323 elementor-widget elementor-widget-text-editor\" data-id=\"aaca323\" data-element_type=\"widget\" data-widget_type=\"text-editor.default\">\n\t\t\t\t<div class=\"elementor-widget-container\">\n\t\t\t\t\t\t\t\t\t<div data-colibri-id=\"169-c7\">\n<div>\n<p><span style=\"font-size: 16px; font-family: Quicksand, sans-serif;\">Nuestro Director General, El Dr. Julio Rodr\u00edguez es graduado en la Universidad Evang\u00e9lica de El&nbsp; Salvador con postgrado en Rehabilitaci\u00f3n Bucal e Implantes Dentales dela Universidad de California en Los \u00c1ngeles<\/span><strong style=\"font-size: inherit; font-family: Quicksand, sans-serif; font-weight: bold; color: inherit;\"> UCLA.&nbsp;<\/strong><span style=\"font-size: 16px; font-family: Quicksand, sans-serif;\"> <br><\/span><\/p>\n<p><span style=\"font-size: 16px; font-family: Quicksand, sans-serif;\">Miembro de la Asociaci\u00f3n de Prostodoncia de El Salvador.<\/span><\/p>\n<p><span style=\"font-size: 16px; font-family: Quicksand, sans-serif;\">Con una Pr\u00e1ctica privada con m\u00e1s de 25 a\u00f1os de experiencia en Rehabilitaci\u00f3n Bucal.<\/span><\/p>\n<\/div>\n<\/div>\t\t\t\t\t\t\t\t<\/div>\n\t\t\t\t<\/div>\n\t\t\t\t\t<\/div>\n\t\t<\/div>\n\t\t\t\t\t<\/div>\n\t\t<\/section>\n\t\t\t\t<\/div>\n\t\t","protected":false},"excerpt":{"rendered":"<p>Nuestro Director General, El Dr. Julio Rodr\u00edguez es graduado en la Universidad Evang\u00e9lica de El&nbsp; Salvador con postgrado en Rehabilitaci\u00f3n Bucal e Implantes Dentales dela Universidad de California en Los \u00c1ngeles UCLA.&nbsp; Miembro de la Asociaci\u00f3n de Prostodoncia de El Salvador. Con una Pr\u00e1ctica privada con m\u00e1s de 25 a\u00f1os de experiencia en Rehabilitaci\u00f3n Bucal.<\/p>\n","protected":false},"author":1,"featured_media":0,"parent":0,"menu_order":0,"comment_status":"closed","ping_status":"closed","template":"","meta":{"footnotes":""},"class_list":["post-324","page","type-page","status-publish","hentry"],"_links":{"self":[{"href":"https:\/\/ciudadmedicaelsalvador.com\/index.php\/wp-json\/wp\/v2\/pages\/324","targetHints":{"allow":["GET"]}}],"collection":[{"href":"https:\/\/ciudadmedicaelsalvador.com\/index.php\/wp-json\/wp\/v2\/pages"}],"about":[{"href":"https:\/\/ciudadmedicaelsalvador.com\/index.php\/wp-json\/wp\/v2\/types\/page"}],"author":[{"embeddable":true,"href":"https:\/\/ciudadmedicaelsalvador.com\/index.php\/wp-json\/wp\/v2\/users\/1"}],"replies":[{"embeddable":true,"href":"https:\/\/ciudadmedicaelsalvador.com\/index.php\/wp-json\/wp\/v2\/comments?post=324"}],"version-history":[{"count":7,"href":"https:\/\/ciudadmedicaelsalvador.com\/index.php\/wp-json\/wp\/v2\/pages\/324\/revisions"}],"predecessor-version":[{"id":333,"href":"https:\/\/ciudadmedicaelsalvador.com\/index.php\/wp-json\/wp\/v2\/pages\/324\/revisions\/333"}],"wp:attachment":[{"href":"https:\/\/ciudadmedicaelsalvador.com\/index.php\/wp-json\/wp\/v2\/media?parent=324"}],"curies":[{"name":"wp","href":"https:\/\/api.w.org\/{rel}","templated":true}]}}